-5*g - 121, 478 = z*g + 5*v. What is the tens digit of g?
1
Suppose -2*w + 3*u + 11361 = 2155, -5*w - 5*u = -22990. What is the tens digit of w?
0
Suppose -3*g - 1813 = -2*m, 3*g - 3242 - 357 = -4*m. What is the units digit of m?
2
Let c(i) = -i**3 + 2*i**2 - i + 451. Suppose 4*m + 4 = 2*p, 5 = -5*p + 3*m + 8. What is the tens digit of c(p)?
5
Let j = 159 - -23. Suppose 5*r = f - 4*f - 265, j = -2*f - 2*r. Let k = -61 - f. What is the units digit of k?
4
Suppose 2517*z = 2535*z - 60822. What is the hundreds digit of z?
3
Suppose -566100 = 28*i - 103*i. What is the tens digit of i?
4
Suppose 5*p - 8 - 12 = 0. Suppose d = -b + 353, -p*b - 175 = 2*d - 889. What is the hundreds digit of d?
3
Let z = 8787 + -5021. What is the units digit of z?
6
What is the tens digit of 1 + -4 + 22/176*115048?
7
Let q be (-37)/13 + 28/(-182). Let j(k) = -3*k - 8. Let c be j(q). What is the units digit of c + -1 + 4 + 67?
1
Suppose 2*k + 5*u - 544 = 0, k - 272 = 2*u - 6*u. What is the hundreds digit of k?
2
Let r(j) = 40*j**2 + 64*j - 336. What is the hundreds digit of r(14)?
4
Let j(i) = 1724*i**2 - 25*i + 72. What is the units digit of j(6)?
6
Let q be ((-3)/2)/(21/28) - -12. Let d be 782/q - (-5)/(-25). Let z = 43 + d. What is the tens digit of z?
2
Suppose -40*c = 16*c - 153507 - 280773. What is the thousands digit of c?
7
Suppose -196*p + 141*p = 1100. Let v = 0 + 1. What is the tens digit of -4*2/p*180/v?
7
Let l(w) = -339*w**3 - 2*w**2 + 4*w + 3. What is the units digit of l(-2)?
9
Let u(t) = -5*t**2 + 25*t - 5. Let l(h) = 6*h**2 - 27*h + 2. Let o(b) = 4*l(b) + 5*u(b). Let m = 5 + 1. What is the tens digit of o(m)?
4
Suppose 4*w - 345 = -9*j + 4*j, 0 = 2*j - 2*w - 138. Suppose j*l = 63*l + 6714. What is the tens digit of l?
1
Let a(n) be the second derivative of 5/12*n**4 + 0 + 2*n + 1/6*n**3 - n**2. What is the tens digit of a(4)?
8
Suppose 0 = -0*k + k + 4*f - 32, 0 = -2*k + f + 46. Let a(b) = b**2 + 5*b - 56. What is the hundreds digit of a(k)?
6
Let a(k) = -2*k**2 - 13*k + 11. Let z be a(-7). Suppose -4*g = -5*g - j + 41, -z*g + 162 = 2*j. What is the tens digit of g?
4
Let a(u) = u**2 - 12*u + 24. Let h be a(10). Suppose 4*x - 809 = -b + h*b, 5*b = 2*x - 415. What is the hundreds digit of x?
2
Let s(z) = -11*z - 2*z**2 - 2*z**2 + 0*z**2 + 5*z**2 + 4. Let c = 95 - 99. What is the units digit of s(c)?
4
Suppose -69*n = -58*n - 847. Suppose -t = -n - 169. What is the units digit of t?
6
Let t = -631 - 132. Let q = -750 - t. What is the units digit of q?
3
Let m(w) = 2*w**2 + 8*w - 4. Let s be m(-6). Let l(d) be the second derivative of 11*d**3/6 - 24*d**2 - 26*d + 1. What is the hundreds digit of l(s)?
1
Let s be ((-12)/(-10))/((-7698)/(-1920) - 4). Let t be 4 + -2*(-5)/((-20)/s). What is the units digit of (-3225)/t + 2/8?
4
What is the tens digit of 36296/24 + 4 + -7*(-8)/84?
1
Let m be ((-1120)/(-6))/(-8) + (-2)/(-6). Let q = 25 + m. What is the units digit of q?
2
Let a = -254 - -15876. What is the tens digit of a?
2
Let s(j) = 3*j - 2. Let w be s(-25). Let m = w + 610. What is the hundreds digit of m?
5
Let m(d) = -2*d**3 - 60*d**2 - 421*d + 61. What is the units digit of m(-34)?
3
Suppose x - d + 47 = 6*x, 5*x = 2*d + 41. Let a(l) = l**2 - 8*l - 14. Let v be a(x). Let g(y) = y**2 - 8*y - 14. What is the tens digit of g(v)?
5
Suppose w + 3*w + 399 = d, 2*d + w - 825 = 0. Suppose 0 = 3*z + 4*q - 1194, d = 7*z - 6*z - 3*q. What is the tens digit of z?
0
Let m = -3 - -3. Let h(i) = -6*i**2 - 4*i + 63. Let c(f) = -5*f**2 - 4*f + 74. Let d(j) = 5*c(j) - 4*h(j). What is the hundreds digit of d(m)?
1
What is the hundreds digit of (-30 - (-10864)/364) + 472476/26?
1
Let f(j) = 7*j - 235. Let o be f(25). Suppose 0 = -c - 3*g - 6 - 34, 0 = -4*c + g - 108. Let l = c - o. What is the tens digit of l?
3
Let l be 1*(-6 - -1)*(-3 - 12). Suppose -l = -5*w - 15. Suppose 690 = 17*c - w*c. What is the hundreds digit of c?
1
Suppose -6*u + 2*u - 3339 = -3*q, -u + 3*q - 846 = 0. Let m = 1210 + u. What is the tens digit of m?
7
Suppose -12*y - 4 = -64. Suppose y*d + 1227 + 1253 = 0. What is the hundreds digit of (-3 - 18/(-4))/((-3)/d)?
2
Let c = 55 + -10. Let n(w) = 3*w**2 - 3*w - 40. Let j be n(0). Let d = j + c. What is the units digit of d?
5
Suppose 0 = 2*i + 10, 2*l + 79 = -5*i + 6*i. What is the units digit of 785 - 6/(l/(-49))?
8
Let b(r) = -464*r - 61. What is the units digit of b(-4)?
5
Let v(i) = 314*i**2 - 14*i - 51. Let m(u) = 63*u**2 - 3*u - 10. Let b(x) = 11*m(x) - 2*v(x). What is the hundreds digit of b(3)?
5
Suppose -10*w - 210 = -5*w. Let v be ((-12)/(-14))/(1*(-2)/w). What is the tens digit of (-24)/v*15*-1?
2
Suppose -y + 1 = -24. Suppose 0 = 2*w + 3*t - 6, -12 = -4*w + 7*t - 4*t. Suppose -213 = -w*f - 3*k, -4*k + y = f - 61. What is the units digit of f?
6
Let u(j) = -1078*j + 4450. What is the units digit of u(-16)?
8
Let s(i) = i**3 - 9*i**2 - 6*i + 4. Let z be s(8). Let g(r) = 3*r**2 - 7*r - 38. Let y be g(-9). Let c = y + z. What is the tens digit of c?
6
Let s be (-42)/441 + (-250)/21. What is the units digit of 6 - (-4)/(s/(-225))?
1
Let f be (-29084)/6 + 30/(-45). What is the tens digit of 5 + f/(12/(-2))?
1
Suppose 23 + 1 = 2*l. Let m be 26/((22/55)/((-2)/(-10))). Suppose l*j = m*j - 78. What is the units digit of j?
8
Let y = -124 + 426. Let p = -130 + y. What is the tens digit of p?
7
Let f(u) = -u + 39. Let i = 27 + -12. Suppose i*p = 13*p + 32. What is the units digit of f(p)?
3
What is the thousands digit of 12665 + -1 + -2*9/(-6)?
2
Let x = 318 + -304. What is the hundreds digit of (-28)/8*(-44)/x*24?
2
Suppose -15*r = -299 + 104. Suppose -r*c + 7004 = -2785. What is the tens digit of c?
5
Let q be 3/1 - -2*(7 + 4). Let n = 200 - q. Let d = n - 103. What is the tens digit of d?
7
Let p be -6 + (-93 - 6)*-12. Let o = p - 814. What is the tens digit of o?
6
Let f be 12*(-7)/(-28) + 1*-2. Let r = -3 - f. What is the tens digit of (98/r - 3)*(-8)/5?
4
Let i(z) = -z**3 - 2*z**2 + 5*z + 7. Let c be i(-3). Let n be 8 + 0 + (c - 5). What is the units digit of (n*(-6)/48)/((-1)/26)?
3
Let v(f) = -294*f + 38*f - 83*f + 43. What is the tens digit of v(-4)?
9
Suppose 0 = 3*j - 4*v - 15347, -5094 = -j - 4*v + v. What is the units digit of j?
9
Suppose -22*s = -49*s - 22*s + 243726. What is the hundreds digit of s?
9
Let p = 30 - 54. Let y be 4/(16/(-14))*p. What is the units digit of -3*(-2228)/y + 6/14?
0
Let p = 1608 + -630. Suppose 2*z - 2958 = -16*c + 13*c, c - 2*z - p = 0. What is the tens digit of c?
8
Suppose -4*m + 4*z + 215152 = 0, 5*m - 2097*z - 268954 = -2099*z. What is the hundreds digit of m?
7
Let x = -28019 + 104686. What is the units digit of x?
7
Let u(d) be the second derivative of 0 - d**2 + 19/6*d**3 - 23*d - 1/12*d**4. What is the units digit of u(9)?
8
Suppose 8 = 7*m - 34. Suppose -m*z = -2*z - 5112. What is the tens digit of z?
7
Let y(f) be the first derivative of 2*f**3/3 - 18*f**2 - 5*f + 3. Suppose -15 = -3*u, 4*r + 6*u - 7*u - 75 = 0. What is the units digit of y(r)?
5
Let u(t) = -11*t + 50. Let y(p) = 6*p - 25. Let w(k) = 3*u(k) + 5*y(k). Let r be ((-112)/(-140))/((-98)/20 - -5). What is the units digit of w(r)?
1
Suppose -7*c + 15 = -13. Suppose -40 = -4*b - c*b. Let k(z) = z**3 - 3*z**2 - 5*z - 9. What is the units digit of k(b)?
6
Suppose -5*q = -2*q - 6. Suppose 4*z = q*c + 2, -3*c - c - 4 = 0. Suppose 0 = -0*y + 3*y - d - 96, -5*y + 2*d + 159 = z. What is the units digit of y?
3
Let a(g) = g**3 - 4*g**2 + 18*g - 75. Let f be a(4). What is the units digit of f/(-9)*2*582?
8
Let m be 1893 - (-6 - -2 - -3 - -1). Suppose -8*r - 69 + m = 0. What is the tens digit of r?
2
Let w be (-2073)/(-21) - 2/(-7). Suppose -5*x = 6*m - 4*m + 93, -5*x - w = -4*m. Let u(y) = -2*y - 2. What is the tens digit of u(x)?
3
Suppose r - 5*r + 3*h = 719, 4*r - 5*h + 713 = 0. Let a = r + 355. What is the units digit of a?
3
Suppose -4*h = -v - 12, -3*h - 10*v + 13*v = -18. Let o be (1*h)/(9*(-9)/(-1458)). What is the hundreds digit of (0 + -63*2)/(o/(-54))?
1
Suppose -25*a - 308544 = -89*a. What is the units digit of a?
1
What is the thousands digit of 6303 - (24/6 + -12)?
6
Let o = -8 + 8. Suppose d - 105 - 4 = -n, -n + 1 = o. Let y = 128 - d. What is the units digit of y?
0
Suppose 0 = 5*v - 61*a + 58*a - 174199, 0 = v + 2*a - 34858. Wha